Let h be n(1). Suppose 17 - 7 = -o + 5*m, -5*o + 4 = h*m. Suppose -2*z + 34 = -o*z. What are the prime factors of z?
17
What are the prime factors of (-82)/287*29911/(-2)?
4273
Let f = -367 + 629. List the prime factors of f.
2, 131
Suppose -3*k = -5*r - 7*k + 18986, -3806 = -r - 3*k. List the prime factors of r.
2, 7, 271
Let q(b) = -b**2 + 7*b + 1. Let w be q(7). What are the prime factors of 21 + 5/((-20)/12)*w?
2, 3
Suppose -2*c = 4*m - 21 - 5, 10 = 2*m. Let j be c/(-2)*24/(-18). What are the prime factors of 2 + (3*14)/j?
23
Let f(i) = -1 + 19 + 4*i + 0. List the prime factors of f(12).
2, 3, 11
Let x be (1 + 0/(-3))*(0 + 0). Let v be (4 + -2)/(4/6). Suppose x = w - v - 21. What are the prime factors of w?
2, 3
Suppose -117 = 2*q - 253. What are the prime factors of q?
2, 17
Let c be -2 - (7 - 4)*-12. Let f = -29 + c. Suppose f*y - 15 = 190. What are the prime factors of y?
41
Suppose -104 = m - 4*f - 1259, 0 = -f + 2. What are the prime factors of m?
1163
Suppose -2*p = 2*p - 8. Suppose -6 = -4*b + 2*z - 0, -p*b + 1 = -3*z. Suppose -3*o + 12 = 2*r - 13, 5 = -b*r + 3*o. What are the prime factors of r?
5
Suppose -8*a - 15 = -13*a. Let o(d) be the second derivative of d**4/6 + 2*d**2 + d. List the prime factors of o(a).
2, 11
Let a = -539 - -979. Suppose 0*m + 125 = m + 4*s, 0 = -4*m - s + a. What are the prime factors of m?
109
Suppose 3*u - 6 = 0, -5*b - 4*u = -5*u - 8. Suppose 4*t - 266 = b*t. Suppose 6*y - 203 = t. List the prime factors of y.
2, 7
Suppose 0 = -40*b + 16078 + 27242. List the prime factors of b.
3, 19
Suppose 0 = 4*m - 5*l + 817, -3*m + l - 407 = -m. Let o = -130 - m. List the prime factors of o.
73
Let k be 3/(-6) - 5/(-10). Suppose 3*s - 32 - 58 = k. List the prime factors of s.
2, 3, 5
Let s = 1 + 3. Suppose 0*y - 16 = -s*y. Suppose 2*v = y*v - 40. List the prime factors of v.
2, 5
Suppose 4365*o - 50330 = 4355*o. List the prime factors of o.
7, 719
Let w be 0 - (0 + 1) - -17. Let l = 21 - w. Suppose 0 = l*p + d - 164, 0*d - 3*d + 12 = 0. What are the prime factors of p?
2
Suppose 4913 = 29*r - 5440. What are the prime factors of r?
3, 7, 17
Let n(y) = 894*y**2 + 6*y + 6. List the prime factors of n(2).
2, 3, 599
Suppose -4*w = -3*m + 1511, -1453 - 1057 = -5*m + 5*w. List the prime factors of m.
7, 71
Let h = 10 + -6. Let w(n) = 120 - 2*n + 7*n - 113. List the prime factors of w(h).
3
Let q = 21 - 21. Suppose q = 21*y - 23*y. Suppose y*k + 72 = 2*k. What are the prime factors of k?
2, 3
List the prime factors of 14 + 636/(-45) - (-97924)/30.
2, 3, 17
Let u = 2068 + -1605. What are the prime factors of u?
463
Let g(j) = j**2 + j - 4. Let i be g(-3). Suppose 2*l = 0, i*l = t - 0*l - 2. Suppose -3*y + 43 = 3*w + t*y, w - 4*y - 3 = 0. What are the prime factors of w?
11
Let g(y) = 4*y**2 + 2*y**3 + 9*y - y**3 + 0*y - 1 - 7*y. Let a be g(-3). List the prime factors of -1*1*(a - 68).
2, 3, 11
Let n(y) = 12*y + 3. Let b be n(4). Suppose -9*i - b = -465. What are the prime factors of i?
2, 23
Let d(w) be the second derivative of 35*w**3/6 - 3*w**2/2 - 2*w. Suppose 0 = -5*h + 10*h - 10. What are the prime factors of d(h)?
67
Suppose 28 = -11*n + 18*n. Let j(h) = h**2 + h + 2. Let i be j(0). Suppose n*l - 5*f = i*l + 31, -4*l - 13 = 5*f. What are the prime factors of l?
3
Let p(i) be the third derivative of -i**6/120 - i**5/10 + 7*i**4/24 + 3*i**3/2 + 14*i**2. Let b be p(-7). Let g = 19 - b. List the prime factors of g.
2, 5
Suppose -942 = -21*r + 19*r. Let w = r - 265. What are the prime factors of w?
2, 103
Let z(m) = 12*m**2 + 53*m + 29. List the prime factors of z(8).
3, 11, 37
Suppose 0 = -c - 3*s - 27, 2*s - 27 = c + s. Let b = c - -84. List the prime factors of b.
3, 19
Let d(c) = 7*c - 7. Let a be d(5). Suppose -3*q = -a + 19. Suppose -3*b - 88 = -2*n - b, q = -b. What are the prime factors of n?
41
Let m = 528 - 272. What are the prime factors of m?
2
Suppose 0 = -7*x + 9 + 19. Suppose 4*f = -8, -x*v + 3*f - 6 + 152 = 0. List the prime factors of v.
5, 7
Suppose 8 = q + 6. Let y be (24 - 18)*(q + 0). Let i(d) = d**3 - 12*d**2 + 2*d + 1. What are the prime factors of i(y)?
5
Suppose -23 = -5*q - 4*z, 0*q - 3*q - 3*z = -15. Suppose 140 = -q*c + 7*c. Let y = -20 + c. List the prime factors of y.
3, 5
Let w = -1 - -2174. List the prime factors of w.
41, 53
Let p be (-420)/5*2/(-3). Suppose p = u + 5*v, -2*v = 3*u + 2*v - 157. Suppose -i - 4*s + u = -0*s, 2*i - 5*s = 63. List the prime factors of i.
3, 13
Let n(a) = 32*a**3 - a**2 + 11*a - 24. What are the prime factors of n(5)?
2, 2003
Let z be 14/(-5) + 2/(-10). Let v be (0 - -3) + (z - -5). Suppose 14 = x - 3*i, 2*x + 3*x = v*i + 50. What are the prime factors of x?
2
Let q be (-7925)/150 + (-2)/12. Let d = q + 116. List the prime factors of d.
3, 7
Suppose 6 + 10 = 8*b. Suppose 0 = b*f - 36 + 30. List the prime factors of f.
3
Let f = 7667 - 3792. List the prime factors of f.
5, 31
Suppose 6*g = 3*h + g - 2, 2*h - 5*g + 2 = 0. Suppose 0 = -h*d + 4, 4*n + d - 311 = -n. What are the prime factors of n?
2, 31
Suppose 5 = k + 3. Suppose 4*y - 8 = -3*l, k*l = y + l + 5. Let a = y + 20. List the prime factors of a.
19
Let p = -123 - -165. What are the prime factors of p?
2, 3, 7
Let k(w) = -8*w**3 + 3*w**2 + 3*w + 2. Suppose -2*f - 6 = f. Let z be k(f). Suppose 4*x - z - 12 = 0. What are the prime factors of x?
3, 7
Suppose -66 = -4*b - 3*k + 196, -10 = -5*k. What are the prime factors of b?
2
Suppose 4*l - g = 6174, -9*g - 6170 = -4*l - 10*g. What are the prime factors of l?
1543
Suppose -14*f + 234945 = 55*f. What are the prime factors of f?
3, 5, 227
Suppose 4*h + 1 + 15 = 0. List the prime factors of 12/h*309/(-9).
103
Suppose -2*k = -246 - 16. Let z = k + -48. Let h = -46 + z. What are the prime factors of h?
37
Suppose -8*l = -l - 161. Suppose -2*d + 44 = 4*o + 2*d, -3*d - l = -o. List the prime factors of o.
2, 7
Suppose 0 = -28*j + 15*j + 26. Suppose j*w - 600 = -38. List the prime factors of w.
281
Suppose 0 = 3*t - 2*t + v - 10, 5*t - 49 = -4*v. Let h(i) = 3*i - 1 + t*i - 5*i. What are the prime factors of h(1)?
2, 3
Let q = -1185 - -2301. What are the prime factors of q?
2, 3, 31
Suppose 4*y - 6*y - 4 = 0, -4*k = 2*y - 48. Suppose -14*z = -k*z - 3. Suppose 0 = -z*w - 100 + 241. What are the prime factors of w?
47
Let w(y) = -y**2 + 18*y - 17. Let n be w(17). Suppose 281 = -0*q - 3*q + z, n = 2*q + 2*z + 182. List the prime factors of 5/10 + q/(-2).
47
Let z = 1284 + -514. Suppose 2*t + 5*s = -0*t + 525, 4*s - z = -3*t. List the prime factors of t.
2, 5
Suppose 4*f = -f + 70. Suppose 0 = f*t - 11*t - 60. List the prime factors of t.
2, 5
List the prime factors of 768/2 + (16 - 6 - 7).
3, 43
Let x = -479 + 1076. Suppose 3*u = -a + 138, -x = 2*a - 6*a + 3*u. What are the prime factors of a?
3, 7
Suppose 4*b + 4 = 16. Suppose -b*p + 0*p = 0. Suppose p = c + c - 64. List the prime factors of c.
2
Suppose 3*a - 1248 = -2*h, -3*a - 1857 = -133*h + 130*h. What are the prime factors of h?
3, 23
Let g(r) = -r**3 - 48*r**2 - 66*r + 151. What are the prime factors of g(-47)?
2, 3, 29
Let i(d) = 13*d**3 + d**2 + d - 1. Let b be i(1). Let x = b + -13. Suppose -37 = -2*o + x. List the prime factors of o.
19
Let x(f) = -f + 16. Let m be x(8). What are the prime factors of -6 + 72/m - (1 + -61)?
3, 7
Let p(s) = -s**2 - 6*s - 1. Let c be p(-6). Let x be 4/(c*(1 + -3)). Suppose 2 = -2*g - x*v + 36, 0 = 3*g - 5*v - 59. What are the prime factors of g?
2, 3
Let u = 6 - 2. Let d(m) = -5*m + 6*m + 2*m**2 + u - 8. What are the prime factors of d(-4)?
2, 3
Suppose -3607 = -8*q + 2745. List the prime factors of q.
2, 397
Suppose 0 = -4*f + 8*f. Suppose 4*p + f*p = 0. List the prime factors of p/(-2) + 9 + 11.
2, 5
Let t(w) = 1894*w - 1. Let g(d) = d**3 - 3*d**2 + 3*d - 3. Let u be g(2). Let y be t(u). What are the prime factors of y/(-65) - 4/26?
29
What are the prime factors of (1 + 25/(-15))/(2/(-5133))?
29, 59
Suppose -1106 = 4*r - 1254. What are the prime factors of r?
37
Let k(i) = 19*i - 52. Let s(f) = -4*f + 4. Let a be s(-1). What are the prime factors of k(a)?
2, 5
Let a be -6*3/(-6) - -3. Suppose 0 = 3*i - a. Suppose 0 = -h - i*h + 24. List the prime factors of h.
2
Suppose 8 = n + o - 8, 3*n + 5*o = 52. Let r be (-2)/(-8) - (63/12 - 2). Let t = r + n. What are the prime fac